{"id":1306,"date":"2025-06-25T15:32:09","date_gmt":"2025-06-25T15:32:09","guid":{"rendered":"https:\/\/coloquiofronteiras.web.ua.pt\/?page_id=1306"},"modified":"2025-07-28T09:32:21","modified_gmt":"2025-07-28T09:32:21","slug":"1306-2","status":"publish","type":"page","link":"https:\/\/coloquiofronteiras.web.ua.pt\/?page_id=1306&lang=fr","title":{"rendered":"Inscription"},"content":{"rendered":"\n<div class=\"wp-block-group alignfull has-global-padding is-layout-constrained wp-block-group-is-layout-constrained\" style=\"margin-top:0;margin-bottom:0\">\n<div class=\"wp-block-group alignwide is-layout-flow wp-container-core-group-is-layout-2 wp-block-group-is-layout-flow\" style=\"padding-top:var(--wp--preset--spacing--50);padding-bottom:var(--wp--preset--spacing--50)\">\n<h2 class=\"wp-block-heading has-xx-large-font-size\">Inscription<\/h2>\n\n\n\n<div class=\"wp-block-columns is-layout-flex wp-container-core-columns-is-layout-1 wp-block-columns-is-layout-flex\">\n<div class=\"wp-block-column is-layout-flow wp-block-column-is-layout-flow\">\n<div class=\"wp-block-group is-layout-flow wp-block-group-is-layout-flow\" style=\"border-top-color:var(--wp--preset--color--accent-6);border-top-width:1px;padding-top:var(--wp--preset--spacing--30);padding-bottom:var(--wp--preset--spacing--30)\">\n<h2 class=\"wp-block-heading is-style-default has-x-large-font-size\"><a href=\"https:\/\/forms.ua.pt\/index.php?r=survey\/index&amp;sid=852248&amp;lang=en\" target=\"_blank\" rel=\"noreferrer noopener\">Formulaire d&#8217;inscription<\/a><\/h2>\n\n\n\n<p>(disponible en portugais et en anglais)<\/p>\n<\/div>\n<\/div>\n<\/div>\n<\/div>\n<\/div>\n\n\n\n<div class=\"wp-block-group alignfull is-style-section-1 is-layout-flow wp-block-group-is-layout-flow is-style-section-1--1\">\n<div style=\"height:70px\" aria-hidden=\"true\" class=\"wp-block-spacer\"><\/div>\n\n\n\n<div class=\"wp-block-columns alignwide are-vertically-aligned-center is-layout-flex wp-container-core-columns-is-layout-2 wp-block-columns-is-layout-flex\" style=\"padding-right:var(--wp--preset--spacing--40);padding-left:var(--wp--preset--spacing--40)\">\n<div class=\"wp-block-column is-layout-flow wp-block-column-is-layout-flow\" style=\"flex-basis:50%\">\n<p class=\"has-text-align-right has-text-color has-x-large-font-size\" style=\"color:#000000;line-height:1.1\"><strong>Dates et frais d&#8217;inscription<\/strong><\/p>\n<\/div>\n\n\n\n<div class=\"wp-block-column is-layout-flow wp-block-column-is-layout-flow\" style=\"flex-basis:50%\">\n<hr class=\"wp-block-separator has-text-color has-css-opacity has-background is-style-wide is-style-wide--2\" style=\"background-color:#000000;color:#000000\"\/>\n<\/div>\n<\/div>\n\n\n\n<div class=\"wp-block-columns alignwide is-style-section-1 is-layout-flex wp-container-core-columns-is-layout-3 wp-block-columns-is-layout-flex is-style-section-1--3\" style=\"padding-right:var(--wp--preset--spacing--40);padding-left:var(--wp--preset--spacing--40)\">\n<div class=\"wp-block-column is-layout-flow wp-block-column-is-layout-flow\">\n<p class=\"has-text-align-right has-large-font-size\"><strong>Note importante :<\/strong><\/p>\n\n\n\n<p class=\"has-text-align-right has-large-font-size\">Les inscriptions pour les communications \u00e0 distance n\u00e9cessitent \u00e9galement l\u2019inscription et le paiement des frais indiqu\u00e9s.<\/p>\n\n\n\n<p class=\"has-text-align-right\">Veuillez noter que <strong>l&#8217;\u00e9v\u00e9nement se d\u00e9roule en pr\u00e9sentiel<\/strong> et ne sera pas diffus\u00e9 virtuellement. La pr\u00e9sentation en format virtuel sera limit\u00e9e \u00e0 l&#8217;une des journ\u00e9es du colloque.<\/p>\n\n\n\n<p class=\"has-text-align-right has-large-font-size\"><\/p>\n<\/div>\n\n\n\n<div class=\"wp-block-column is-layout-flow wp-block-column-is-layout-flow\" style=\"padding-right:0;padding-left:0\">\n<figure class=\"wp-block-table has-large-font-size\"><table class=\"has-fixed-layout\"><tbody><tr><td><strong>Cat\u00e9gorie<\/strong><\/td><td><strong>Jusqu&#8217;au 31\/07\/2025<\/strong><\/td><td><strong>Jusqu&#8217;au 10\/10\/2025<\/strong><\/td><\/tr><tr><td><strong>Participants avec communication: \u00e9tudiants<\/strong>*<\/td><td>\u20ac30<\/td><td>\u20ac40<\/td><\/tr><tr><td><strong>Participants avec communication: professeurs et chercheurs<\/strong><\/td><td>\u20ac60<\/td><td>\u20ac80<\/td><\/tr><tr><td><strong>Participants sans communication: \u00e9tudiants<\/strong>*<\/td><td>\u20ac15<\/td><td>\u20ac20<\/td><\/tr><tr><td><strong>Participants sans communication: professeurs et chercheurs<\/strong><\/td><td>\u20ac30<\/td><td>\u20ac40<\/td><\/tr><tr><td><strong>Membre du CIDTFF (int\u00e9gr\u00e9 et collaborateurs)<\/strong><\/td><td>inscription gratuite<\/td><td>inscription gratuite<\/td><\/tr><tr><td><strong>\u00c9tudiant de l&#8217;Universit\u00e9 d&#8217;Aveiro ou \u00e9tudiant de l&#8217;Universit\u00e9 F\u00e9d\u00e9rale de Grande Dourados*<\/strong><\/td><td>inscription gratuite<\/td><td>inscription gratuite<\/td><\/tr><tr><td><strong>Membre du comit\u00e9 d&#8217;organisation et\/ou du comit\u00e9 scientifique<\/strong><\/td><td>inscription gratuite<\/td><td>inscription gratuite<\/td><\/tr><tr><td><strong>Dispense de paiement (enseignants et formateurs PEBIF)<\/strong><\/td><td>inscription gratuite<\/td><td>inscription gratuite<\/td><\/tr><\/tbody><\/table><\/figure>\n<\/div>\n<\/div>\n\n\n\n<div class=\"wp-block-columns alignwide is-layout-flex wp-container-core-columns-is-layout-4 wp-block-columns-is-layout-flex\">\n<div class=\"wp-block-column is-layout-flow wp-block-column-is-layout-flow\">\n<p class=\"has-text-color has-extra-small-font-size\" style=\"color:#000000\"><\/p>\n<\/div>\n\n\n\n<div class=\"wp-block-column is-layout-flow wp-block-column-is-layout-flow\">\n<p class=\"has-large-font-size\" style=\"margin-right:var(--wp--preset--spacing--20);margin-left:var(--wp--preset--spacing--20)\">* Les \u00e9tudiants doivent envoyer une preuve d&#8217;inscription dans un \u00e9tablissement d&#8217;enseignement sup\u00e9rieur \u00e0 l&#8217;adresse suivante : dep-coloquio.fronteira@ua.pt.<\/p>\n<\/div>\n<\/div>\n\n\n\n<div style=\"height:70px\" aria-hidden=\"true\" class=\"wp-block-spacer\"><\/div>\n\n\n\n<div class=\"wp-block-columns alignwide are-vertically-aligned-center is-layout-flex wp-container-core-columns-is-layout-5 wp-block-columns-is-layout-flex\">\n<div class=\"wp-block-column is-layout-flow wp-block-column-is-layout-flow\" style=\"flex-basis:50%\">\n<p class=\"has-text-align-right has-text-color has-x-large-font-size\" style=\"color:#000000;line-height:1.1\"><strong>Autres frais<\/strong><\/p>\n<\/div>\n\n\n\n<div class=\"wp-block-column is-layout-flow wp-block-column-is-layout-flow\" style=\"flex-basis:50%\">\n<hr class=\"wp-block-separator has-text-color has-css-opacity has-background is-style-wide is-style-wide--4\" style=\"background-color:#000000;color:#000000\"\/>\n<\/div>\n<\/div>\n\n\n\n<div class=\"wp-block-columns alignwide is-layout-flex wp-container-core-columns-is-layout-6 wp-block-columns-is-layout-flex\">\n<div class=\"wp-block-column is-layout-flow wp-block-column-is-layout-flow\">\n<p class=\"has-text-color has-extra-small-font-size\" style=\"color:#000000\"><\/p>\n<\/div>\n\n\n\n<div class=\"wp-block-column is-layout-flow wp-block-column-is-layout-flow\">\n<p class=\"is-style-default has-text-color has-x-large-font-size\" style=\"color:#000000\"><strong>Inscription avec d\u00e9jeuner :<\/strong><\/p>\n\n\n\n<p>Inscription avec d\u00e9jeuner (facultatif ; sous r\u00e9serve de la capacit\u00e9 de la salle) : 15 \u20ac \/ jour<\/p>\n\n\n\n<div style=\"height:15px\" aria-hidden=\"true\" class=\"wp-block-spacer\"><\/div>\n\n\n\n<p class=\"has-x-large-font-size\"><strong>Inscription avec d\u00eener :<\/strong><\/p>\n\n\n\n<p class=\"has-large-font-size\">Le d\u00eener co\u00fbte <strong>35 \u20ac de plus par personne<\/strong>.<\/p>\n<\/div>\n<\/div>\n<\/div>\n\n\n\n<div class=\"wp-block-group alignfull is-style-section-1 is-layout-flow wp-block-group-is-layout-flow is-style-section-1--5\" style=\"padding-right:var(--wp--preset--spacing--30);padding-left:var(--wp--preset--spacing--30)\">\n<div style=\"height:70px\" aria-hidden=\"true\" class=\"wp-block-spacer\"><\/div>\n\n\n\n<div class=\"wp-block-columns alignwide are-vertically-aligned-center is-layout-flex wp-container-core-columns-is-layout-7 wp-block-columns-is-layout-flex\">\n<div class=\"wp-block-column is-layout-flow wp-block-column-is-layout-flow\" style=\"flex-basis:50%\">\n<p class=\"has-text-align-right has-text-color has-x-large-font-size\" style=\"color:#000000;line-height:1.1\"><strong>Paiement<\/strong><\/p>\n<\/div>\n\n\n\n<div class=\"wp-block-column is-layout-flow wp-block-column-is-layout-flow\" style=\"flex-basis:50%\">\n<hr class=\"wp-block-separator has-text-color has-css-opacity has-background is-style-wide is-style-wide--6\" style=\"background-color:#000000;color:#000000\"\/>\n<\/div>\n<\/div>\n\n\n\n<div class=\"wp-block-columns alignwide is-layout-flex wp-container-core-columns-is-layout-8 wp-block-columns-is-layout-flex\">\n<div class=\"wp-block-column is-layout-flow wp-block-column-is-layout-flow\">\n<p class=\"has-text-color has-extra-small-font-size\" style=\"color:#000000\"><\/p>\n<\/div>\n\n\n\n<div class=\"wp-block-column is-layout-flow wp-block-column-is-layout-flow\">\n<p class=\"is-style-default has-text-color has-x-large-font-size\" style=\"color:#000000\"><strong>Par Virement Bancaire :<\/strong><\/p>\n\n\n\n<p class=\"has-large-font-size\"><strong>Universit\u00e9 d&#8217;Aveiro<\/strong><\/p>\n\n\n\n<p class=\"has-large-font-size\"><strong>IBAN :<\/strong>&nbsp;PT50 0035 0361 00002885330 45&nbsp;<\/p>\n\n\n\n<p class=\"has-large-font-size\"><strong>BIC SWIFT :<\/strong>&nbsp;CGDIPTPL&nbsp;<\/p>\n\n\n\n<p class=\"has-large-font-size\"><strong>Banque:<\/strong>&nbsp;Caixa Geral de Dep\u00f3sitos&nbsp;<\/p>\n\n\n\n<p class=\"has-large-font-size\"><strong>Adresse<\/strong> <strong>:&nbsp;<\/strong>Rua Dr. M\u00e1rio Sacramento, 177, 3810-106 Aveiro&nbsp;<\/p>\n\n\n\n<p class=\"has-large-font-size\"><strong>B\u00e9n\u00e9ficiaire<\/strong> <strong>:<\/strong>&nbsp;University of Aveiro \u2013 Events<\/p>\n\n\n\n<div style=\"height:15px\" aria-hidden=\"true\" class=\"wp-block-spacer\"><\/div>\n\n\n\n<p class=\"has-x-large-font-size\"><strong>Important<\/strong><\/p>\n\n\n\n<p><strong>Il est obligatoire d&#8217;envoyer la preuve du paiement afin de valider l&#8217;inscription au colloque<\/strong> \u00e0 l&#8217;adresse \u00e9lectronique : dep-coloquio.fronteira@ua.pt.<\/p>\n\n\n\n<p>Lors de l&#8217;envoi de la preuve, veuillez inclure la r\u00e9f\u00e9rence suivante dans l&#8217;objet de l&#8217;e-mail : &#8220;Fronteiras 2025 &#8211; [nom du participant inscrit] &#8211; Preuve du paiement&#8221;.<\/p>\n\n\n\n<p>Note : Les \u00e9tudiants doivent \u00e9galement fournir une preuve d&#8217;inscription dans un \u00e9tablissement d&#8217;enseignement sup\u00e9rieur.<\/p>\n<\/div>\n<\/div>\n\n\n\n<div style=\"height:40px\" aria-hidden=\"true\" class=\"wp-block-spacer\"><\/div>\n<\/div>\n","protected":false},"excerpt":{"rendered":"<p>Inscription Formulaire d&#8217;inscription (disponible en portugais et en anglais) Dates et frais d&#8217;inscription Note importante : Les inscriptions pour les communications \u00e0 distance n\u00e9cessitent \u00e9galement l\u2019inscription et le paiement des frais indiqu\u00e9s. Veuillez noter que l&#8217;\u00e9v\u00e9nement se d\u00e9roule en pr\u00e9sentiel et ne sera pas diffus\u00e9 virtuellement. La pr\u00e9sentation en format virtuel sera limit\u00e9e \u00e0 l&#8217;une [&hellip;]<\/p>\n","protected":false},"author":3,"featured_media":0,"parent":0,"menu_order":4,"comment_status":"closed","ping_status":"closed","template":"page-no-title","meta":{"footnotes":""},"class_list":["post-1306","page","type-page","status-publish","hentry"],"_links":{"self":[{"href":"https:\/\/coloquiofronteiras.web.ua.pt\/index.php?rest_route=\/wp\/v2\/pages\/1306","targetHints":{"allow":["GET"]}}],"collection":[{"href":"https:\/\/coloquiofronteiras.web.ua.pt\/index.php?rest_route=\/wp\/v2\/pages"}],"about":[{"href":"https:\/\/coloquiofronteiras.web.ua.pt\/index.php?rest_route=\/wp\/v2\/types\/page"}],"author":[{"embeddable":true,"href":"https:\/\/coloquiofronteiras.web.ua.pt\/index.php?rest_route=\/wp\/v2\/users\/3"}],"replies":[{"embeddable":true,"href":"https:\/\/coloquiofronteiras.web.ua.pt\/index.php?rest_route=%2Fwp%2Fv2%2Fcomments&post=1306"}],"version-history":[{"count":14,"href":"https:\/\/coloquiofronteiras.web.ua.pt\/index.php?rest_route=\/wp\/v2\/pages\/1306\/revisions"}],"predecessor-version":[{"id":1613,"href":"https:\/\/coloquiofronteiras.web.ua.pt\/index.php?rest_route=\/wp\/v2\/pages\/1306\/revisions\/1613"}],"wp:attachment":[{"href":"https:\/\/coloquiofronteiras.web.ua.pt\/index.php?rest_route=%2Fwp%2Fv2%2Fmedia&parent=1306"}],"curies":[{"name":"wp","href":"https:\/\/api.w.org\/{rel}","templated":true}]}}