{"id":1315,"date":"2025-06-25T15:44:37","date_gmt":"2025-06-25T15:44:37","guid":{"rendered":"https:\/\/coloquiofronteiras.web.ua.pt\/?page_id=1315"},"modified":"2025-07-28T09:31:57","modified_gmt":"2025-07-28T09:31:57","slug":"inscripcion","status":"publish","type":"page","link":"https:\/\/coloquiofronteiras.web.ua.pt\/?page_id=1315&lang=es","title":{"rendered":"Inscripci\u00f3n"},"content":{"rendered":"\n<div class=\"wp-block-group alignfull has-global-padding is-layout-constrained wp-block-group-is-layout-constrained\" style=\"margin-top:0;margin-bottom:0\">\n<div class=\"wp-block-group alignwide is-layout-flow wp-container-core-group-is-layout-2 wp-block-group-is-layout-flow\" style=\"padding-top:var(--wp--preset--spacing--50);padding-bottom:var(--wp--preset--spacing--50)\">\n<h2 class=\"wp-block-heading has-xx-large-font-size\">Inscripci\u00f3n<\/h2>\n\n\n\n<div class=\"wp-block-columns is-layout-flex wp-container-core-columns-is-layout-1 wp-block-columns-is-layout-flex\">\n<div class=\"wp-block-column is-layout-flow wp-block-column-is-layout-flow\">\n<div class=\"wp-block-group is-layout-flow wp-block-group-is-layout-flow\" style=\"border-top-color:var(--wp--preset--color--accent-6);border-top-width:1px;padding-top:var(--wp--preset--spacing--30);padding-bottom:var(--wp--preset--spacing--30)\">\n<h2 class=\"wp-block-heading is-style-default has-x-large-font-size\"><a href=\"https:\/\/forms.ua.pt\/index.php?r=survey\/index&amp;sid=852248&amp;lang=en\" target=\"_blank\" rel=\"noreferrer noopener\">Formulario de inscripci\u00f3n<\/a><\/h2>\n\n\n\n<p class=\"is-style-default has-large-font-size\">(disponible en portugu\u00e9s e ingl\u00e9s)<\/p>\n<\/div>\n<\/div>\n<\/div>\n<\/div>\n<\/div>\n\n\n\n<div class=\"wp-block-group alignfull is-style-section-1 is-layout-flow wp-block-group-is-layout-flow is-style-section-1--1\">\n<div style=\"height:70px\" aria-hidden=\"true\" class=\"wp-block-spacer\"><\/div>\n\n\n\n<div class=\"wp-block-columns alignwide are-vertically-aligned-center is-layout-flex wp-container-core-columns-is-layout-2 wp-block-columns-is-layout-flex\" style=\"padding-right:var(--wp--preset--spacing--40);padding-left:var(--wp--preset--spacing--40)\">\n<div class=\"wp-block-column is-layout-flow wp-block-column-is-layout-flow\" style=\"flex-basis:50%\">\n<p class=\"has-text-align-right has-text-color has-x-large-font-size\" style=\"color:#000000;line-height:1.1\"><strong>Plazos y Valores de Inscripci\u00f3n<\/strong><\/p>\n<\/div>\n\n\n\n<div class=\"wp-block-column is-layout-flow wp-block-column-is-layout-flow\" style=\"flex-basis:50%\">\n<hr class=\"wp-block-separator has-text-color has-css-opacity has-background is-style-wide is-style-wide--2\" style=\"background-color:#000000;color:#000000\"\/>\n<\/div>\n<\/div>\n\n\n\n<div class=\"wp-block-columns alignwide is-style-section-1 is-layout-flex wp-container-core-columns-is-layout-3 wp-block-columns-is-layout-flex is-style-section-1--3\" style=\"padding-right:var(--wp--preset--spacing--40);padding-left:var(--wp--preset--spacing--40)\">\n<div class=\"wp-block-column is-layout-flow wp-block-column-is-layout-flow\">\n<p class=\"has-text-align-right has-large-font-size\"><strong>Nota Importante:<\/strong><\/p>\n\n\n\n<p class=\"has-text-align-right has-large-font-size\">Las inscripciones para presentaci\u00f3n a distancia requieren<br>la debida inscripci\u00f3n y el pago de los valores indicados.<\/p>\n\n\n\n<p class=\"has-text-align-right\">Tenga en cuenta que <strong>el evento es presencial<\/strong> y no se retransmitir\u00e1 virtualmente. La presentaci\u00f3n en formato virtual se limitar\u00e1 a uno de los d\u00edas del Coloquio.<\/p>\n<\/div>\n\n\n\n<div class=\"wp-block-column is-layout-flow wp-block-column-is-layout-flow\" style=\"padding-right:0;padding-left:0\">\n<figure class=\"wp-block-table has-large-font-size\"><table class=\"has-fixed-layout\"><tbody><tr><td><strong>Categor\u00eda<\/strong><\/td><td><strong>Hasta 31\/07\/2025<\/strong><\/td><td><strong>Hasta 10\/10\/2025<\/strong><\/td><\/tr><tr><td><strong>Participantes con ponencia: estudiantes*<\/strong><\/td><td>\u20ac30<\/td><td>\u20ac40<\/td><\/tr><tr><td><strong>Participantes con ponencia: docentes e investigadores<\/strong><\/td><td>\u20ac60<\/td><td>\u20ac80<\/td><\/tr><tr><td><strong>Participantes sin ponencia: estudiantes<\/strong>*<\/td><td>\u20ac15<\/td><td>\u20ac20<\/td><\/tr><tr><td><strong>Participantes sin ponencia: docentes e investigadores<\/strong><\/td><td>\u20ac30<\/td><td>\u20ac40<\/td><\/tr><tr><td><strong>Miembro del CIDTFF (integrado y colaboradores)<\/strong><\/td><td>inscripci\u00f3n gratuita<\/td><td>inscripci\u00f3n gratuita<\/td><\/tr><tr><td><strong>Estudiante de la Universidad de Aveiro o Estudiante de la Universidad Federal de Grande Dourados*<\/strong><\/td><td>inscripci\u00f3n gratuita<\/td><td>inscripci\u00f3n gratuita<\/td><\/tr><tr><td><strong>Miembro del Comit\u00e9 Organizador y\/o Cient\u00edfico<\/strong><\/td><td>inscripci\u00f3n gratuita<\/td><td>inscripci\u00f3n gratuita<\/td><\/tr><tr><td><strong>Exenci\u00f3n de pago (profesores y formadores PEBIF)<\/strong><\/td><td>inscripci\u00f3n gratuita<\/td><td>inscripci\u00f3n gratuita<\/td><\/tr><\/tbody><\/table><\/figure>\n\n\n\n<p style=\"padding-right:var(--wp--preset--spacing--20);padding-left:var(--wp--preset--spacing--20)\">* Los estudiantes deben enviar un justificante de matr\u00edcula en un centro de ense\u00f1anza superior al correo electr\u00f3nico: dep-coloquio.fronteira@ua.pt.<\/p>\n<\/div>\n<\/div>\n<\/div>\n\n\n\n<div class=\"wp-block-group alignfull is-style-section-1 is-layout-flow wp-block-group-is-layout-flow is-style-section-1--4\">\n<div style=\"height:70px\" aria-hidden=\"true\" class=\"wp-block-spacer\"><\/div>\n\n\n\n<div class=\"wp-block-columns alignwide are-vertically-aligned-center is-layout-flex wp-container-core-columns-is-layout-4 wp-block-columns-is-layout-flex\">\n<div class=\"wp-block-column is-layout-flow wp-block-column-is-layout-flow\" style=\"flex-basis:50%\">\n<p class=\"has-text-align-right has-text-color has-x-large-font-size\" style=\"color:#000000;line-height:1.1\"><strong>Otros valores<\/strong><\/p>\n<\/div>\n\n\n\n<div class=\"wp-block-column is-layout-flow wp-block-column-is-layout-flow\" style=\"flex-basis:50%\">\n<hr class=\"wp-block-separator has-text-color has-css-opacity has-background is-style-wide is-style-wide--5\" style=\"background-color:#000000;color:#000000\"\/>\n<\/div>\n<\/div>\n\n\n\n<div class=\"wp-block-columns alignwide is-layout-flex wp-container-core-columns-is-layout-5 wp-block-columns-is-layout-flex\">\n<div class=\"wp-block-column is-layout-flow wp-block-column-is-layout-flow\">\n<p class=\"has-text-color has-extra-small-font-size\" style=\"color:#000000\"><\/p>\n<\/div>\n\n\n\n<div class=\"wp-block-column is-layout-flow wp-block-column-is-layout-flow\">\n<p class=\"is-style-default has-text-color has-x-large-font-size\" style=\"color:#000000\"><strong>Inscripci\u00f3n con almuerzo:<\/strong><\/p>\n\n\n\n<p class=\"has-large-font-size\">Inscripci\u00f3n con almuerzo (opcional; sujeto a la capacidad de la sala): <strong>15 euros \/ d\u00eda<\/strong><\/p>\n\n\n\n<div style=\"height:15px\" aria-hidden=\"true\" class=\"wp-block-spacer\"><\/div>\n\n\n\n<p class=\"has-x-large-font-size\"><strong>Inscripci\u00f3n con cena:<\/strong><\/p>\n\n\n\n<p class=\"has-large-font-size\">La cena tiene un coste adicional de <strong>35 euros por persona<\/strong>.<\/p>\n<\/div>\n<\/div>\n<\/div>\n\n\n\n<div class=\"wp-block-group alignfull is-style-section-1 is-layout-flow wp-block-group-is-layout-flow is-style-section-1--6\" style=\"padding-right:var(--wp--preset--spacing--30);padding-left:var(--wp--preset--spacing--30)\">\n<div style=\"height:70px\" aria-hidden=\"true\" class=\"wp-block-spacer\"><\/div>\n\n\n\n<div class=\"wp-block-columns alignwide are-vertically-aligned-center is-layout-flex wp-container-core-columns-is-layout-6 wp-block-columns-is-layout-flex\">\n<div class=\"wp-block-column is-layout-flow wp-block-column-is-layout-flow\" style=\"flex-basis:50%\">\n<p class=\"has-text-align-right has-text-color has-x-large-font-size\" style=\"color:#000000;line-height:1.1\"><strong>Pago<\/strong><\/p>\n<\/div>\n\n\n\n<div class=\"wp-block-column is-layout-flow wp-block-column-is-layout-flow\" style=\"flex-basis:50%\">\n<hr class=\"wp-block-separator has-text-color has-css-opacity has-background is-style-wide is-style-wide--7\" style=\"background-color:#000000;color:#000000\"\/>\n<\/div>\n<\/div>\n\n\n\n<div class=\"wp-block-columns alignwide is-layout-flex wp-container-core-columns-is-layout-7 wp-block-columns-is-layout-flex\">\n<div class=\"wp-block-column is-layout-flow wp-block-column-is-layout-flow\">\n<p class=\"has-text-color has-extra-small-font-size\" style=\"color:#000000\"><\/p>\n<\/div>\n\n\n\n<div class=\"wp-block-column is-layout-flow wp-block-column-is-layout-flow\">\n<p class=\"is-style-default has-text-color has-x-large-font-size\" style=\"color:#000000\"><strong>Por Transferencia Bancaria<\/strong><\/p>\n\n\n\n<p class=\"has-large-font-size\"><strong>Universidade de Aveiro<\/strong><\/p>\n\n\n\n<p class=\"has-large-font-size\"><strong>IBAN:<\/strong>&nbsp;PT50 0035 0361 00002885330 45&nbsp;<\/p>\n\n\n\n<p class=\"has-large-font-size\"><strong>BIC SWIFT:<\/strong>&nbsp;CGDIPTPL&nbsp;<\/p>\n\n\n\n<p class=\"has-large-font-size\"><strong>Banco:<\/strong>&nbsp;Caixa Geral de Dep\u00f3sitos&nbsp;<\/p>\n\n\n\n<p class=\"has-large-font-size\"><strong>Direcci\u00f3n:&nbsp;<\/strong>Rua Dr. M\u00e1rio Sacramento, 177, 3810-106 Aveiro&nbsp;<\/p>\n\n\n\n<p class=\"has-large-font-size\"><strong>Beneficiario:<\/strong>&nbsp;Universidad de Aveiro \u2013 Eventos&nbsp;<\/p>\n\n\n\n<div style=\"height:15px\" aria-hidden=\"true\" class=\"wp-block-spacer\"><\/div>\n\n\n\n<p class=\"has-x-large-font-size\"><strong>Importante<\/strong><\/p>\n\n\n\n<p class=\"has-large-font-size\"><strong>Es obligatorio enviar el comprobante de pago para validar la inscripci\u00f3n en el Encuentro <\/strong>al correo electr\u00f3nico: dep-coloquio.fronteira@ua.pt.<\/p>\n\n\n\n<p class=\"has-large-font-size\">Al enviar el justificante, incluya la siguiente referencia en el asunto del correo electr\u00f3nico: &#8220;Fronteiras 2025 &#8211; [nombre del participante inscrito] &#8211; Comprobante de pago&#8221;.<\/p>\n\n\n\n<p>Nota: Los estudiantes tambi\u00e9n deben presentar una prueba de inscripci\u00f3n en una instituci\u00f3n de ense\u00f1anza superior.<\/p>\n<\/div>\n<\/div>\n\n\n\n<div style=\"height:40px\" aria-hidden=\"true\" class=\"wp-block-spacer\"><\/div>\n<\/div>\n","protected":false},"excerpt":{"rendered":"<p>Inscripci\u00f3n Formulario de inscripci\u00f3n (disponible en portugu\u00e9s e ingl\u00e9s) Plazos y Valores de Inscripci\u00f3n Nota Importante: Las inscripciones para presentaci\u00f3n a distancia requierenla debida inscripci\u00f3n y el pago de los valores indicados. Tenga en cuenta que el evento es presencial y no se retransmitir\u00e1 virtualmente. La presentaci\u00f3n en formato virtual se limitar\u00e1 a uno de [&hellip;]<\/p>\n","protected":false},"author":3,"featured_media":0,"parent":0,"menu_order":4,"comment_status":"closed","ping_status":"closed","template":"page-no-title","meta":{"footnotes":""},"class_list":["post-1315","page","type-page","status-publish","hentry"],"_links":{"self":[{"href":"https:\/\/coloquiofronteiras.web.ua.pt\/index.php?rest_route=\/wp\/v2\/pages\/1315","targetHints":{"allow":["GET"]}}],"collection":[{"href":"https:\/\/coloquiofronteiras.web.ua.pt\/index.php?rest_route=\/wp\/v2\/pages"}],"about":[{"href":"https:\/\/coloquiofronteiras.web.ua.pt\/index.php?rest_route=\/wp\/v2\/types\/page"}],"author":[{"embeddable":true,"href":"https:\/\/coloquiofronteiras.web.ua.pt\/index.php?rest_route=\/wp\/v2\/users\/3"}],"replies":[{"embeddable":true,"href":"https:\/\/coloquiofronteiras.web.ua.pt\/index.php?rest_route=%2Fwp%2Fv2%2Fcomments&post=1315"}],"version-history":[{"count":12,"href":"https:\/\/coloquiofronteiras.web.ua.pt\/index.php?rest_route=\/wp\/v2\/pages\/1315\/revisions"}],"predecessor-version":[{"id":1610,"href":"https:\/\/coloquiofronteiras.web.ua.pt\/index.php?rest_route=\/wp\/v2\/pages\/1315\/revisions\/1610"}],"wp:attachment":[{"href":"https:\/\/coloquiofronteiras.web.ua.pt\/index.php?rest_route=%2Fwp%2Fv2%2Fmedia&parent=1315"}],"curies":[{"name":"wp","href":"https:\/\/api.w.org\/{rel}","templated":true}]}}